2.
2, 29, 41, 73
What are the prime factors of 453823002?
2, 3, 25212389
List the prime factors of 1660576827.
3, 7, 13, 868957
What are the prime factors of 166119291?
3, 13, 17, 47, 1777
List the prime factors of 631343358.
2, 3, 37, 947963
List the prime factors of 337847600.
2, 5, 844619
List the prime factors of 117075057.
3, 11, 59, 157, 383
What are the prime factors of 1710678537?
3, 190075393
List the prime factors of 182202070.
2, 5, 29, 433, 1451
What are the prime factors of 74649504?
2, 3, 101, 7699
What are the prime factors of 5222924385?
3, 5, 7, 2053, 24229
What are the prime factors of 33940231?
13, 2610787
What are the prime factors of 18504161?
13, 41, 149, 233
What are the prime factors of 50671423?
11, 19, 242447
What are the prime factors of 754540021?
47, 16054043
What are the prime factors of 30130297?
59, 510683
List the prime factors of 9379521438.
2, 3, 7, 2393, 93323
List the prime factors of 273528146.
2, 787, 173779
What are the prime factors of 134947805?
5, 31, 53, 16427
List the prime factors of 1418043927.
3, 167, 1279, 2213
List the prime factors of 812188129.
812188129
What are the prime factors of 506294538?
2, 3, 23, 3668801
What are the prime factors of 188220950?
2, 5, 191, 19709
List the prime factors of 157478911.
499, 315589
List the prime factors of 70702266.
2, 3, 11783711
List the prime factors of 671484002.
2, 7, 47963143
List the prime factors of 444084944.
2, 239, 116131
What are the prime factors of 25816315?
5, 7, 229, 3221
What are the prime factors of 3122212799?
59, 79, 669859
List the prime factors of 679199686.
2, 11, 41, 752993
What are the prime factors of 384355196?
2, 96088799
What are the prime factors of 391419657?
3, 43491073
What are the prime factors of 1122060694?
2, 19, 41, 720193
What are the prime factors of 164595638?
2, 82297819
What are the prime factors of 59536242?
2, 3, 1102523
What are the prime factors of 408151227?
3, 11, 43, 383, 751
What are the prime factors of 440435321?
31, 1223, 11617
What are the prime factors of 151681884?
2, 3, 31, 407747
What are the prime factors of 85230077?
85230077
What are the prime factors of 1829131706?
2, 914565853
List the prime factors of 1401175056.
2, 3, 809, 36083
List the prime factors of 289542287.
41, 7062007
List the prime factors of 1118963749.
17, 101, 651697
List the prime factors of 143931748.
2, 373, 96469
List the prime factors of 63525420.
2, 3, 5, 7, 50417
What are the prime factors of 60551033?
60551033
What are the prime factors of 4627073354?
2, 197, 11743841
List the prime factors of 117465934.
2, 58732967
What are the prime factors of 57718750?
2, 5, 1847
List the prime factors of 6615867115.
5, 11, 13, 9252961
List the prime factors of 239118848.
2, 113, 4133
What are the prime factors of 386076720?
2, 3, 5, 1608653
What are the prime factors of 49532962?
2, 19, 1303499
List the prime factors of 6666315.
3, 5, 444421
What are the prime factors of 71364152?
2, 19, 469501
List the prime factors of 1739881913.
7, 11, 31, 728899
What are the prime factors of 95302967?
95302967
List the prime factors of 2368496876.
2, 349, 401, 4231
What are the prime factors of 202194836?
2, 50548709
List the prime factors of 123424913.
17, 461, 15749
What are the prime factors of 5038873340?
2, 5, 19, 13260193
What are the prime factors of 106164869?
47, 2258827
What are the prime factors of 468989884?
2, 11, 10658861
What are the prime factors of 80921256?
2, 3, 13, 71, 281
What are the prime factors of 54143372?
2, 577, 23459
List the prime factors of 1001383499.
23, 43538413
What are the prime factors of 109164949?
9397, 11617
What are the prime factors of 76598153?
76598153
What are the prime factors of 1687434166?
2, 11, 239, 320927
List the prime factors of 293764711.
31, 47, 201623
List the prime factors of 558195822.
2, 3, 281, 110359
What are the prime factors of 568583688?
2, 3, 619, 38273
List the prime factors of 3306280353.
3, 197, 877, 6379
List the prime factors of 93134162.
2, 11, 19, 97, 2297
What are the prime factors of 1407913603?
37, 1597, 23827
What are the prime factors of 133880515?
5, 26776103
List the prime factors of 2070343962.
2, 3, 43, 33023
List the prime factors of 6776570608.
2, 423535663
List the prime factors of 5335080682.
2, 2667540341
List the prime factors of 44731636.
2, 31, 151, 2389
What are the prime factors of 11645183?
11, 1058653
List the prime factors of 3305431400.
2, 5, 61, 270937
What are the prime factors of 40503415?
5, 149, 54367
List the prime factors of 143433696.
2, 3, 7, 461, 463
List the prime factors of 854499569.
7, 11, 43, 409, 631
What are the prime factors of 516613342?
2, 7, 4909, 7517
List the prime factors of 310781700.
2, 3, 5, 127, 2719
List the prime factors of 648905953.
648905953
List the prime factors of 402926817.
3, 47, 2857637
List the prime factors of 265316821.
7, 11, 73, 613
What are the prime factors of 95074441?
7, 11, 29, 42577
What are the prime factors of 794073372?
2, 3, 71, 137, 6803
What are the prime factors of 827597177?
11, 41, 1835027
List the prime factors of 53136135.
3, 5, 13, 17, 137
List the prime factors of 7899157.
7, 1128451
List the prime factors of 8386573236.
2, 3, 698881103
List the prime factors of 36073901.
36073901
List the prime factors of 89689213.
23, 379, 10289
List the prime factors of 839840401.
89, 593, 15913
What are the prime factors of 28062178?
2, 14031089
List the prime factors of 321356994.
2, 3, 7, 19, 57529
What are the prime factors of 749270063?
53, 14137171
What are the prime factors of 21868382?
2, 3023, 3617
List the prime factors of 37689521.
19, 31, 61, 1049
What are the prime factors of 33828985?
5, 79, 85643
What are the prime factors of 5626190243?
1259, 4468777
What are the prime factors of 83016968?
2, 233, 44537
What are the prime factors of 562401420?
2, 3, 5, 7, 233, 821
List the prime factors of 245461815.
3, 5, 53, 101, 1019
What are the prime factors of 858290930?
2, 5, 7, 73, 101, 1663
What are the prime factors of 56962259?
56962259
List the prime factors of 16536162.
2, 3, 127, 21701
List the prime factors of 6011368742.
2, 17, 181, 976823
List the prime factors of 109128671.
109128671
List the prime factors of 553277925.
3, 5, 31, 137, 193
What are the prime factors of 6395245339?
7, 8101, 16111
List the prime factors of 1065005934.
2, 3, 433, 409933
What are the prime factors of 5589300922?
2, 139, 20105399
List the prime factors of 887736148.
2, 13, 563, 30323
What are the prime factors of 42940887?
3, 11, 1301239
List the prime factors of 1501295.
5, 71, 4229
List the prime factors of 387122279.
157, 2465747
What are the prime factors of 139169271?
3, 181, 197, 1301
List the prime factors of 775047874.
2, 8999, 43063
What are the prime factors of 149647547?
7, 1669, 12809
List the prime factors of 388245214.
2, 7, 29, 956269
What are the prime factors of 987594?
2, 3, 164599
List the prime factors of 153244874.
2, 29, 157, 16829
List the prime factors of 580465288.
2, 13, 5581397
List the prime factors of 201080968.
2, 11, 59, 38729
What are the prime factors of 1447761659?
31, 46701989
What are the prime factors of 26968918?
2, 13484459
List the prime factors of 64978989.
3, 89, 243367
What are the prime factors of 4746156?
2, 3, 395513
List the prime factors of 355674031.
73, 1879, 2593
What are the prime factors of 1782015142?
2, 29, 30724399
What are the prime factors of 58135391?
1471, 39521
What are the prime factors of 234345464?
2, 29293183
What are the prime factors of 720946153?
8009, 90017
What are the prime factors of 48476691?
3, 79, 22727
What are the prime factors of 32833300?
2, 5, 328333
What are the prime factors of 55369098?
2, 3, 137, 22453
List the prime factors of 21653358.
2, 3, 331, 10903
List the prime factors of 136819765.
5, 43, 53, 12007
What are the prime factors of 3029667193?
7, 432809599
What are the prime factors of 94906535?
5, 18981307
List the prime factors of 20097996.
2, 3, 59, 28387
List the prime factors of 12127242.
2, 3, 379, 5333
What are the prime factors of 52468112?
2, 3279257
What are the prime factors of 38052191?
257, 148063
List the prime factors of 1782180794.
2, 2663, 334619
What are the prime factors of 57944139?
3, 11, 1755883
L